{"id":235,"date":"2025-12-31T14:33:30","date_gmt":"2025-12-31T13:33:30","guid":{"rendered":"https:\/\/frp-reklamy.eu\/?page_id=235"},"modified":"2025-12-31T16:32:21","modified_gmt":"2025-12-31T15:32:21","slug":"ulotki","status":"publish","type":"page","link":"https:\/\/frp-reklamy.eu\/?page_id=235","title":{"rendered":"Ulotki"},"content":{"rendered":"\t\t<div data-elementor-type=\"wp-page\" data-elementor-id=\"235\" class=\"elementor elementor-235\">\n\t\t\t\t<div class=\"elementor-element elementor-element-e07d22a e-flex e-con-boxed e-con e-parent\" data-id=\"e07d22a\" data-element_type=\"container\">\n\t\t\t\t\t<div class=\"e-con-inner\">\n\t\t<div class=\"elementor-element elementor-element-1f6192b e-con-full e-flex e-con e-child\" data-id=\"1f6192b\" data-element_type=\"container\">\n\t\t\t\t<div class=\"elementor-element elementor-element-22cf52a elementor-widget elementor-widget-text-editor\" data-id=\"22cf52a\" data-element_type=\"widget\" data-widget_type=\"text-editor.default\">\n\t\t\t\t\t\t\t\t\t<p data-start=\"76\" data-end=\"128\"><strong data-start=\"76\" data-end=\"126\">Ulotki \u2013 skuteczna forma promocji Twojej firmy<\/strong><\/p><p data-start=\"130\" data-end=\"515\">W FRP-Reklamy projektujemy i drukujemy ulotki, kt\u00f3re pomagaj\u0105 w efektywnym dotarciu do klient\u00f3w i zwi\u0119kszeniu rozpoznawalno\u015bci marki. Oferujemy ulotki w r\u00f3\u017cnych formatach, papierach i wyko\u0144czeniach, dopasowane do charakteru Twojej dzia\u0142alno\u015bci oraz potrzeb marketingowych. Dobrze zaprojektowana ulotka przyci\u0105ga uwag\u0119, przekazuje kluczowe informacje i zach\u0119ca do kontaktu lub zakupu.<\/p><p data-start=\"517\" data-end=\"543\"><strong data-start=\"517\" data-end=\"541\">Zastosowanie ulotek:<\/strong><\/p><ul data-start=\"544\" data-end=\"737\"><li data-start=\"544\" data-end=\"574\"><p data-start=\"546\" data-end=\"574\">promocja produkt\u00f3w i us\u0142ug<\/p><\/li><li data-start=\"575\" data-end=\"619\"><p data-start=\"577\" data-end=\"619\">kampanie marketingowe i akcje promocyjne<\/p><\/li><li data-start=\"620\" data-end=\"686\"><p data-start=\"622\" data-end=\"686\">informowanie o wydarzeniach, ofertach specjalnych i nowo\u015bciach<\/p><\/li><li data-start=\"687\" data-end=\"737\"><p data-start=\"689\" data-end=\"737\">wsparcie sprzeda\u017cy i budowanie wizerunku firmy<\/p><\/li><\/ul><p data-start=\"739\" data-end=\"779\"><strong data-start=\"739\" data-end=\"777\">Dlaczego warto wybra\u0107 FRP-Reklamy:<\/strong><\/p><ul data-start=\"780\" data-end=\"978\"><li data-start=\"780\" data-end=\"836\"><p data-start=\"782\" data-end=\"836\">indywidualne projekty graficzne dopasowane do bran\u017cy<\/p><\/li><li data-start=\"837\" data-end=\"885\"><p data-start=\"839\" data-end=\"885\">wysoka jako\u015b\u0107 druku i estetyczne wyko\u0144czenie<\/p><\/li><li data-start=\"886\" data-end=\"928\"><p data-start=\"888\" data-end=\"928\">szybka i terminowa realizacja zam\u00f3wie\u0144<\/p><\/li><li data-start=\"929\" data-end=\"978\"><p data-start=\"931\" data-end=\"978\">mo\u017cliwo\u015b\u0107 zam\u00f3wienia ma\u0142ych i du\u017cych nak\u0142ad\u00f3w<\/p><\/li><\/ul><p data-start=\"980\" data-end=\"1150\">Ulotki z FRP-Reklamy to efektywne i niedrogie narz\u0119dzie promocji, kt\u00f3re pozwala w atrakcyjny spos\u00f3b dotrze\u0107 do potencjalnych klient\u00f3w i wzmocni\u0107 wizerunek Twojej firmy.<\/p>\t\t\t\t\t\t\t\t<\/div>\n\t\t\t\t<\/div>\n\t\t<div class=\"elementor-element elementor-element-673029d e-con-full e-flex e-con e-child\" data-id=\"673029d\" data-element_type=\"container\">\n\t\t<div class=\"elementor-element elementor-element-e6b570d e-con-full e-flex e-con e-child\" data-id=\"e6b570d\" data-element_type=\"container\">\n\t\t\t\t<div class=\"elementor-element elementor-element-dee30d0 elementor-widget elementor-widget-image\" data-id=\"dee30d0\" data-element_type=\"widget\" data-widget_type=\"image.default\">\n\t\t\t\t\t\t\t\t\t\t\t\t\t\t\t\t<a href=\"https:\/\/frp-reklamy.eu\/wp-content\/uploads\/2025\/12\/HogqZy9I.jpeg\" data-elementor-open-lightbox=\"yes\" data-elementor-lightbox-title=\"HogqZy9I\" data-e-action-hash=\"#elementor-action%3Aaction%3Dlightbox%26settings%3DeyJpZCI6Mzc3LCJ1cmwiOiJodHRwczpcL1wvZnJwLXJla2xhbXkuZXVcL3dwLWNvbnRlbnRcL3VwbG9hZHNcLzIwMjVcLzEyXC9Ib2dxWnk5SS5qcGVnIn0%3D\">\n\t\t\t\t\t\t\t<img fetchpriority=\"high\" decoding=\"async\" width=\"768\" height=\"1024\" src=\"https:\/\/frp-reklamy.eu\/wp-content\/uploads\/2025\/12\/HogqZy9I-768x1024.jpeg\" class=\"attachment-large size-large wp-image-377\" alt=\"\" srcset=\"https:\/\/frp-reklamy.eu\/wp-content\/uploads\/2025\/12\/HogqZy9I-768x1024.jpeg 768w, https:\/\/frp-reklamy.eu\/wp-content\/uploads\/2025\/12\/HogqZy9I-225x300.jpeg 225w, https:\/\/frp-reklamy.eu\/wp-content\/uploads\/2025\/12\/HogqZy9I-1152x1536.jpeg 1152w, https:\/\/frp-reklamy.eu\/wp-content\/uploads\/2025\/12\/HogqZy9I.jpeg 1536w\" sizes=\"(max-width: 768px) 100vw, 768px\" \/>\t\t\t\t\t\t\t\t<\/a>\n\t\t\t\t\t\t\t\t\t\t\t\t\t\t\t<\/div>\n\t\t\t\t<\/div>\n\t\t<div class=\"elementor-element elementor-element-68e9bd4 e-con-full e-flex e-con e-child\" data-id=\"68e9bd4\" data-element_type=\"container\">\n\t\t\t\t<\/div>\n\t\t\t\t<\/div>\n\t\t\t\t\t<\/div>\n\t\t\t\t<\/div>\n\t\t\t\t<\/div>\n\t\t","protected":false},"excerpt":{"rendered":"<p>Ulotki \u2013 skuteczna forma promocji Twojej firmy W FRP-Reklamy projektujemy i drukujemy ulotki, kt\u00f3re pomagaj\u0105 w efektywnym dotarciu do klient\u00f3w i zwi\u0119kszeniu rozpoznawalno\u015bci marki. Oferujemy ulotki w r\u00f3\u017cnych formatach, papierach i wyko\u0144czeniach, dopasowane do charakteru Twojej dzia\u0142alno\u015bci oraz potrzeb marketingowych. Dobrze zaprojektowana ulotka przyci\u0105ga uwag\u0119, przekazuje kluczowe informacje i zach\u0119ca do kontaktu lub zakupu. Zastosowanie [&hellip;]<\/p>\n","protected":false},"author":1,"featured_media":0,"parent":0,"menu_order":0,"comment_status":"closed","ping_status":"closed","template":"","meta":{"footnotes":""},"class_list":["post-235","page","type-page","status-publish","hentry"],"_links":{"self":[{"href":"https:\/\/frp-reklamy.eu\/index.php?rest_route=\/wp\/v2\/pages\/235","targetHints":{"allow":["GET"]}}],"collection":[{"href":"https:\/\/frp-reklamy.eu\/index.php?rest_route=\/wp\/v2\/pages"}],"about":[{"href":"https:\/\/frp-reklamy.eu\/index.php?rest_route=\/wp\/v2\/types\/page"}],"author":[{"embeddable":true,"href":"https:\/\/frp-reklamy.eu\/index.php?rest_route=\/wp\/v2\/users\/1"}],"replies":[{"embeddable":true,"href":"https:\/\/frp-reklamy.eu\/index.php?rest_route=%2Fwp%2Fv2%2Fcomments&post=235"}],"version-history":[{"count":4,"href":"https:\/\/frp-reklamy.eu\/index.php?rest_route=\/wp\/v2\/pages\/235\/revisions"}],"predecessor-version":[{"id":443,"href":"https:\/\/frp-reklamy.eu\/index.php?rest_route=\/wp\/v2\/pages\/235\/revisions\/443"}],"wp:attachment":[{"href":"https:\/\/frp-reklamy.eu\/index.php?rest_route=%2Fwp%2Fv2%2Fmedia&parent=235"}],"curies":[{"name":"wp","href":"https:\/\/api.w.org\/{rel}","templated":true}]}}